late the highest common factor of 437 and 3667.
19
What is the highest common factor of 119712 and 870?
174
Calculate the greatest common divisor of 145112 and 34.
34
Calculate the highest common divisor of 34481 and 164.
41
Calculate the greatest common factor of 63042 and 228.
114
Calculate the greatest common divisor of 10878 and 90909.
777
Calculate the highest common divisor of 5270835 and 333.
111
What is the highest common factor of 174 and 29319?
87
What is the highest common divisor of 154609 and 3913?
91
Calculate the highest common divisor of 17867850 and 1050.
1050
What is the highest common factor of 136 and 2458132?
68
Calculate the highest common divisor of 198 and 11814.
66
What is the greatest common factor of 452342 and 638?
638
Calculate the greatest common factor of 723 and 1254887.
241
What is the highest common factor of 22 and 23749?
11
What is the highest common factor of 107900 and 219700?
1300
What is the greatest common divisor of 32 and 98032?
16
Calculate the greatest common divisor of 22 and 783112.
22
Calculate the greatest common divisor of 2655 and 11295.
45
Calculate the highest common factor of 47804 and 2771.
17
What is the greatest common divisor of 43225 and 9386?
247
Calculate the highest common factor of 433 and 423474.
433
What is the highest common factor of 14608 and 240?
16
Calculate the highest common factor of 345 and 13915.
115
What is the highest common divisor of 20 and 107610?
10
Calculate the greatest common factor of 450 and 11025.
225
Calculate the highest common divisor of 2967 and 24081.
69
What is the highest common factor of 906 and 196149?
453
What is the greatest common factor of 2205 and 2745?
45
Calculate the highest common divisor of 105587 and 51.
17
Calculate the highest common factor of 48114 and 810.
162
Calculate the highest common divisor of 115 and 570.
5
What is the greatest common divisor of 4069 and 9077?
313
Calculate the highest common factor of 4290 and 40469.
143
Calculate the greatest common factor of 180490 and 10.
10
Calculate the highest common divisor of 67150 and 237.
79
What is the greatest common divisor of 1654734 and 5214?
474
Calculate the highest common divisor of 42250 and 7774.
338
What is the greatest common divisor of 338557 and 415?
83
Calculate the highest common divisor of 2651 and 33.
11
What is the highest common factor of 2 and 51044?
2
What is the greatest common factor of 315 and 6895?
35
Calculate the highest common divisor of 37527 and 231.
21
What is the highest common divisor of 363 and 1460217?
33
What is the greatest common divisor of 205440 and 720?
240
Calculate the highest common divisor of 631440 and 600.
120
Calculate the highest common divisor of 2100 and 1820.
140
What is the highest common factor of 660971 and 307?
307
Calculate the greatest common divisor of 46 and 307073.
23
Calculate the greatest common divisor of 12720 and 384.
48
Calculate the highest common factor of 502 and 11546.
502
Calculate the greatest common factor of 272 and 4675.
17
Calculate the highest common factor of 3506150 and 400.
50
Calculate the greatest common factor of 3611274 and 444.
222
Calculate the highest common divisor of 2414249 and 2914.
1457
What is the highest common divisor of 38233 and 1326?
221
Calculate the greatest common divisor of 48 and 1979216.
16
What is the highest common factor of 28943 and 3811?
103
Calculate the highest common divisor of 271 and 568016.
271
Calculate the greatest common divisor of 256 and 674.
2
What is the highest common factor of 41447 and 43357?
191
Calculate the greatest common factor of 79 and 456699.
79
What is the greatest common divisor of 176 and 5126?
22
Calculate the greatest common factor of 1890 and 197610.
210
What is the highest common divisor of 392541 and 69?
69
Calculate the highest common divisor of 91287 and 294.
147
What is the greatest common factor of 184090 and 1640?
410
What is the highest common factor of 235627 and 7?
7
What is the greatest common divisor of 9966 and 22197?
453
Calculate the greatest common factor of 385 and 11869.
11
Calculate the greatest common divisor of 14061 and 645.
129
Calculate the greatest common factor of 35712 and 90.
18
Calculate the greatest common divisor of 537290 and 2990.
130
Calculate the highest common factor of 472 and 31978.
118
What is the greatest common factor of 323 and 4709?
17
Calculate the highest common divisor of 3130347 and 319.
319
Calculate the highest common divisor of 3454 and 4752.
22
What is the highest common divisor of 2673 and 374?
11
What is the highest common factor of 727536 and 288?
48
What is the highest common divisor of 1937 and 550257?
149
Calculate the highest common factor of 85869 and 551.
29
Calculate the greatest common divisor of 492 and 647103.
123
What is the greatest common divisor of 8058 and 3978?
102
What is the highest common divisor of 3336 and 624?
24
Calculate the highest common divisor of 2051439 and 46.
23
Calculate the highest common factor of 24 and 1363452.
12
Calculate the highest common divisor of 704 and 1958.
22
What is the greatest common divisor of 201728 and 32?
32
What is the highest common divisor of 347874 and 12?
6
Calculate the greatest common factor of 46 and 80109.
23
What is the greatest common factor of 137 and 35209?
137
Calculate the greatest common divisor of 263789 and 4012.
1003
Calculate the highest common factor of 40 and 15585.
5
What is the greatest common divisor of 87 and 8876610?
87
Calculate the greatest common divisor of 814 and 16946.
74
What is the highest common factor of 2108 and 792236?
124
What is the greatest common divisor of 19085 and 220?
55
Calculate the highest common divisor of 520 and 34528.
104
Calculate the highest common divisor of 375328 and 16.
16
Calculate the highest common divisor of 1620 and 378.
54
What is the highest common factor of 804 and 117987?
201
What is the greatest common factor of 101000 and 100?
100
What is the highest common factor of 5544 and 284328?
792
Calculate the highest common factor of 18943 and 535389.
997
What is the greatest common divisor of 75 and 11730?
15
What is the greatest common factor of 1875 and 4239?
3
Calculate the highest common factor of 149879 and 268.
67
What is the highest common divisor of 122 and 386618?
122
Calculate the highest common divisor of 163940 and 160.
20
What is the highest common divisor of 36756 and 594?
18
What is the greatest common divisor of 242 and 501952?
22
Calculate the highest common factor of 9600 and 1472.
64
What is the greatest common divisor of 460 and 3590?
10
Calculate the highest common factor of 637 and 14768.
13
Calculate the greatest common divisor of 4757 and 11147.
71
Calculate the greatest common factor of 77169 and 1392.
87
What is the greatest common factor of 12 and 89988?
12
What is the highest common divisor of 27 and 1049409?
27
What is the highest common factor of 16 and 9406?
2
What is the highest common factor of 118863 and 1269?
423
Calculate the greatest common divisor of 395 and 80.
5
What is the greatest common divisor of 504 and 1852074?
126
Calculate the greatest common factor of 21936 and 8592.
48
What is the highest common divisor of 158244 and 660?
12
Calculate the greatest common factor of 2189571 and 1698.
849
Calculate the highest common factor of 150 and 17715.
15
What is the highest common divisor of 14013 and 1539?
81
What is the highest common factor of 9744 and 192?
48
Calculate the greatest common divisor of 98619 and 994.
71
Calculate the greatest common factor of 174 and 90456.
6
Calculate the highest common divisor of 475 and 6593.
19
What is the highest common factor of 416 and 3296?
32
Calculate the greatest common factor of 1111490 and 10.
10
Calculate the greatest common factor of 46 and 62583.
23
Calculate the highest common factor of 9500 and 28970.
10
Calculate the greatest common factor of 342 and 50160.
114
What is the greatest common divisor of 2781 and 793821?
309
Calculate the greatest common divisor of 390 and 1142970.
30
What is the greatest common divisor of 142489 and 89?
89
Calculate the greatest common factor of 63378 and 441.
63
Calculate the greatest common factor of 4029 and 321135.
237
What is the highest common fac